{"id":136,"date":"2023-01-18T21:35:00","date_gmt":"2023-01-18T20:35:00","guid":{"rendered":"http:\/\/haus-gies.de\/?page_id=136"},"modified":"2023-01-25T15:26:09","modified_gmt":"2023-01-25T14:26:09","slug":"galerie","status":"publish","type":"page","link":"http:\/\/haus-gies.de\/index.php\/galerie\/","title":{"rendered":"Galerie"},"content":{"rendered":"\t\t<div data-elementor-type=\"wp-page\" data-elementor-id=\"136\" class=\"elementor elementor-136\">\n\t\t\t\t\t\t\t\t\t<section class=\"elementor-section elementor-top-section elementor-element elementor-element-a85e000 elementor-section-boxed elementor-section-height-default elementor-section-height-default wpr-particle-no wpr-jarallax-no wpr-parallax-no wpr-sticky-section-no\" data-id=\"a85e000\" data-element_type=\"section\">\n\t\t\t\t\t\t<div class=\"elementor-container elementor-column-gap-default\">\n\t\t\t\t\t<div class=\"elementor-column elementor-col-100 elementor-top-column elementor-element elementor-element-53c7e1ff\" data-id=\"53c7e1ff\" data-element_type=\"column\">\n\t\t\t<div class=\"elementor-widget-wrap elementor-element-populated\">\n\t\t\t\t\t\t\t\t<div class=\"elementor-element elementor-element-9e2a43b elementor-arrows-position-inside elementor-pagination-position-outside elementor-widget elementor-widget-image-carousel\" data-id=\"9e2a43b\" data-element_type=\"widget\" data-settings=\"{&quot;navigation&quot;:&quot;both&quot;,&quot;autoplay&quot;:&quot;yes&quot;,&quot;pause_on_hover&quot;:&quot;yes&quot;,&quot;pause_on_interaction&quot;:&quot;yes&quot;,&quot;autoplay_speed&quot;:5000,&quot;infinite&quot;:&quot;yes&quot;,&quot;speed&quot;:500}\" data-widget_type=\"image-carousel.default\">\n\t\t\t\t<div class=\"elementor-widget-container\">\n\t\t\t<style>\/*! elementor - v3.10.1 - 17-01-2023 *\/\n.elementor-widget-image-carousel .swiper-container{position:static}.elementor-widget-image-carousel .swiper-container .swiper-slide figure{line-height:inherit}.elementor-widget-image-carousel .swiper-slide{text-align:center}.elementor-image-carousel-wrapper:not(.swiper-container-initialized) .swiper-slide{max-width:calc(100% \/ var(--e-image-carousel-slides-to-show, 3))}<\/style>\t\t<div class=\"elementor-image-carousel-wrapper swiper-container\" dir=\"ltr\">\n\t\t\t<div class=\"elementor-image-carousel swiper-wrapper\">\n\t\t\t\t\t\t\t\t<div class=\"swiper-slide\"><a data-elementor-open-lightbox=\"yes\" data-elementor-lightbox-slideshow=\"9e2a43b\" data-elementor-lightbox-title=\"Blumen und Begr\u00fc\u00dfungsgetr\u00e4nk\" e-action-hash=\"#elementor-action%3Aaction%3Dlightbox%26settings%3DeyJpZCI6MTQ5LCJ1cmwiOiJodHRwOlwvXC9oYXVzLWdpZXMuZGVcL3dwLWNvbnRlbnRcL3VwbG9hZHNcLzIwMjNcLzAxXC9EU0NfMDA1M19Gb3Rvci1zY2FsZWQuanBnIiwic2xpZGVzaG93IjoiOWUyYTQzYiJ9\" href=\"http:\/\/haus-gies.de\/wp-content\/uploads\/2023\/01\/DSC_0053_Fotor-scaled.jpg\"><figure class=\"swiper-slide-inner\"><img decoding=\"async\" class=\"swiper-slide-image\" src=\"http:\/\/haus-gies.de\/wp-content\/uploads\/2023\/01\/DSC_0053_Fotor-300x201.jpg\" alt=\"Zur Begr\u00fc\u00dfung\" \/><\/figure><\/a><\/div><div class=\"swiper-slide\"><a data-elementor-open-lightbox=\"yes\" data-elementor-lightbox-slideshow=\"9e2a43b\" data-elementor-lightbox-title=\"Blick auf Wasserburg\" e-action-hash=\"#elementor-action%3Aaction%3Dlightbox%26settings%3DeyJpZCI6MTUwLCJ1cmwiOiJodHRwOlwvXC9oYXVzLWdpZXMuZGVcL3dwLWNvbnRlbnRcL3VwbG9hZHNcLzIwMjNcLzAxXC9CbGljay1hdWYtV2Fzc2VyYnVyZy1zY2FsZWQuanBnIiwic2xpZGVzaG93IjoiOWUyYTQzYiJ9\" href=\"http:\/\/haus-gies.de\/wp-content\/uploads\/2023\/01\/Blick-auf-Wasserburg-scaled.jpg\"><figure class=\"swiper-slide-inner\"><img decoding=\"async\" class=\"swiper-slide-image\" src=\"http:\/\/haus-gies.de\/wp-content\/uploads\/2023\/01\/Blick-auf-Wasserburg-300x200.jpg\" alt=\"Blick nach Wasserburg\" \/><\/figure><\/a><\/div><div class=\"swiper-slide\"><a data-elementor-open-lightbox=\"yes\" data-elementor-lightbox-slideshow=\"9e2a43b\" data-elementor-lightbox-title=\"Auf der Terrasse\" e-action-hash=\"#elementor-action%3Aaction%3Dlightbox%26settings%3DeyJpZCI6MTUyLCJ1cmwiOiJodHRwOlwvXC9oYXVzLWdpZXMuZGVcL3dwLWNvbnRlbnRcL3VwbG9hZHNcLzIwMjNcLzAxXC9Mb2dnaWEtdmVyZ3Itc2NhbGVkLmpwZyIsInNsaWRlc2hvdyI6IjllMmE0M2IifQ%3D%3D\" href=\"http:\/\/haus-gies.de\/wp-content\/uploads\/2023\/01\/Loggia-vergr-scaled.jpg\"><figure class=\"swiper-slide-inner\"><img decoding=\"async\" class=\"swiper-slide-image\" src=\"http:\/\/haus-gies.de\/wp-content\/uploads\/2023\/01\/Loggia-vergr-300x225.jpg\" alt=\"Loggia\" \/><\/figure><\/a><\/div><div class=\"swiper-slide\"><a data-elementor-open-lightbox=\"yes\" data-elementor-lightbox-slideshow=\"9e2a43b\" data-elementor-lightbox-title=\"Blick aus der K\u00fcche\" e-action-hash=\"#elementor-action%3Aaction%3Dlightbox%26settings%3DeyJpZCI6MTUxLCJ1cmwiOiJodHRwOlwvXC9oYXVzLWdpZXMuZGVcL3dwLWNvbnRlbnRcL3VwbG9hZHNcLzIwMjNcLzAxXC9EU0NfMDA0OWJlYXJiX0ZvdG9yLXNjYWxlZC5qcGciLCJzbGlkZXNob3ciOiI5ZTJhNDNiIn0%3D\" href=\"http:\/\/haus-gies.de\/wp-content\/uploads\/2023\/01\/DSC_0049bearb_Fotor-scaled.jpg\"><figure class=\"swiper-slide-inner\"><img decoding=\"async\" class=\"swiper-slide-image\" src=\"http:\/\/haus-gies.de\/wp-content\/uploads\/2023\/01\/DSC_0049bearb_Fotor-300x200.jpg\" alt=\"K\u00fcche\" \/><\/figure><\/a><\/div><div class=\"swiper-slide\"><a data-elementor-open-lightbox=\"yes\" data-elementor-lightbox-slideshow=\"9e2a43b\" data-elementor-lightbox-title=\"Im Garten\" e-action-hash=\"#elementor-action%3Aaction%3Dlightbox%26settings%3DeyJpZCI6MTQ4LCJ1cmwiOiJodHRwOlwvXC9oYXVzLWdpZXMuZGVcL3dwLWNvbnRlbnRcL3VwbG9hZHNcLzIwMjNcLzAxXC9EU0NfMDMwMF9Gb3Rvci1zY2FsZWQuanBnIiwic2xpZGVzaG93IjoiOWUyYTQzYiJ9\" href=\"http:\/\/haus-gies.de\/wp-content\/uploads\/2023\/01\/DSC_0300_Fotor-scaled.jpg\"><figure class=\"swiper-slide-inner\"><img decoding=\"async\" class=\"swiper-slide-image\" src=\"http:\/\/haus-gies.de\/wp-content\/uploads\/2023\/01\/DSC_0300_Fotor-300x201.jpg\" alt=\"Garten\" \/><\/figure><\/a><\/div><div class=\"swiper-slide\"><a data-elementor-open-lightbox=\"yes\" data-elementor-lightbox-slideshow=\"9e2a43b\" data-elementor-lightbox-title=\"Ihr Wohnzimmer\" e-action-hash=\"#elementor-action%3Aaction%3Dlightbox%26settings%3DeyJpZCI6MTQ3LCJ1cmwiOiJodHRwOlwvXC9oYXVzLWdpZXMuZGVcL3dwLWNvbnRlbnRcL3VwbG9hZHNcLzIwMjNcLzAxXC9EU0NfMDA1NC1zY2FsZWQuanBnIiwic2xpZGVzaG93IjoiOWUyYTQzYiJ9\" href=\"http:\/\/haus-gies.de\/wp-content\/uploads\/2023\/01\/DSC_0054-scaled.jpg\"><figure class=\"swiper-slide-inner\"><img decoding=\"async\" class=\"swiper-slide-image\" src=\"http:\/\/haus-gies.de\/wp-content\/uploads\/2023\/01\/DSC_0054-300x201.jpg\" alt=\"Wohnzimmer\" \/><\/figure><\/a><\/div><div class=\"swiper-slide\"><a data-elementor-open-lightbox=\"yes\" data-elementor-lightbox-slideshow=\"9e2a43b\" data-elementor-lightbox-title=\"Ihre Essecke\" e-action-hash=\"#elementor-action%3Aaction%3Dlightbox%26settings%3DeyJpZCI6MTQ2LCJ1cmwiOiJodHRwOlwvXC9oYXVzLWdpZXMuZGVcL3dwLWNvbnRlbnRcL3VwbG9hZHNcLzIwMjNcLzAxXC9EU0NfMDA1Ml9Gb3Rvcl9Gb3Rvci1zY2FsZWQuanBnIiwic2xpZGVzaG93IjoiOWUyYTQzYiJ9\" href=\"http:\/\/haus-gies.de\/wp-content\/uploads\/2023\/01\/DSC_0052_Fotor_Fotor-scaled.jpg\"><figure class=\"swiper-slide-inner\"><img decoding=\"async\" class=\"swiper-slide-image\" src=\"http:\/\/haus-gies.de\/wp-content\/uploads\/2023\/01\/DSC_0052_Fotor_Fotor-300x201.jpg\" alt=\"Essplatz\" \/><\/figure><\/a><\/div><div class=\"swiper-slide\"><a data-elementor-open-lightbox=\"yes\" data-elementor-lightbox-slideshow=\"9e2a43b\" data-elementor-lightbox-title=\"Ihr Badezimmer\" e-action-hash=\"#elementor-action%3Aaction%3Dlightbox%26settings%3DeyJpZCI6MTQ0LCJ1cmwiOiJodHRwOlwvXC9oYXVzLWdpZXMuZGVcL3dwLWNvbnRlbnRcL3VwbG9hZHNcLzIwMjNcLzAxXC9EU0NfMDA1OV9Gb3Rvci1zY2FsZWQuanBnIiwic2xpZGVzaG93IjoiOWUyYTQzYiJ9\" href=\"http:\/\/haus-gies.de\/wp-content\/uploads\/2023\/01\/DSC_0059_Fotor-scaled.jpg\"><figure class=\"swiper-slide-inner\"><img decoding=\"async\" class=\"swiper-slide-image\" src=\"http:\/\/haus-gies.de\/wp-content\/uploads\/2023\/01\/DSC_0059_Fotor-300x201.jpg\" alt=\"Bad\" \/><\/figure><\/a><\/div><div class=\"swiper-slide\"><a data-elementor-open-lightbox=\"yes\" data-elementor-lightbox-slideshow=\"9e2a43b\" data-elementor-lightbox-title=\"Ihr Schlafzimmer\" e-action-hash=\"#elementor-action%3Aaction%3Dlightbox%26settings%3DeyJpZCI6MTQwLCJ1cmwiOiJodHRwOlwvXC9oYXVzLWdpZXMuZGVcL3dwLWNvbnRlbnRcL3VwbG9hZHNcLzIwMjNcLzAxXC9EU0NfMDA1NS0xLXNjYWxlZC5qcGciLCJzbGlkZXNob3ciOiI5ZTJhNDNiIn0%3D\" href=\"http:\/\/haus-gies.de\/wp-content\/uploads\/2023\/01\/DSC_0055-1-scaled.jpg\"><figure class=\"swiper-slide-inner\"><img decoding=\"async\" class=\"swiper-slide-image\" src=\"http:\/\/haus-gies.de\/wp-content\/uploads\/2023\/01\/DSC_0055-1-300x201.jpg\" alt=\"Schlafzimmer\" \/><\/figure><\/a><\/div><div class=\"swiper-slide\"><a data-elementor-open-lightbox=\"yes\" data-elementor-lightbox-slideshow=\"9e2a43b\" data-elementor-lightbox-title=\"Haus-Gies\" e-action-hash=\"#elementor-action%3Aaction%3Dlightbox%26settings%3DeyJpZCI6MTM5LCJ1cmwiOiJodHRwOlwvXC9oYXVzLWdpZXMuZGVcL3dwLWNvbnRlbnRcL3VwbG9hZHNcLzIwMjNcLzAxXC9IYXVzLUdpZXMtc2NhbGVkLmpwZyIsInNsaWRlc2hvdyI6IjllMmE0M2IifQ%3D%3D\" href=\"http:\/\/haus-gies.de\/wp-content\/uploads\/2023\/01\/Haus-Gies-scaled.jpg\"><figure class=\"swiper-slide-inner\"><img decoding=\"async\" class=\"swiper-slide-image\" src=\"http:\/\/haus-gies.de\/wp-content\/uploads\/2023\/01\/Haus-Gies-300x201.jpg\" alt=\"Haus Gies\" \/><\/figure><\/a><\/div><div class=\"swiper-slide\"><a data-elementor-open-lightbox=\"yes\" data-elementor-lightbox-slideshow=\"9e2a43b\" data-elementor-lightbox-title=\"Ihre Gastgeber\" e-action-hash=\"#elementor-action%3Aaction%3Dlightbox%26settings%3DeyJpZCI6MTQxLCJ1cmwiOiJodHRwOlwvXC9oYXVzLWdpZXMuZGVcL3dwLWNvbnRlbnRcL3VwbG9hZHNcLzIwMjNcLzAxXC9EU0NfMDAwNS1zY2FsZWQuanBnIiwic2xpZGVzaG93IjoiOWUyYTQzYiJ9\" href=\"http:\/\/haus-gies.de\/wp-content\/uploads\/2023\/01\/DSC_0005-scaled.jpg\"><figure class=\"swiper-slide-inner\"><img decoding=\"async\" class=\"swiper-slide-image\" src=\"http:\/\/haus-gies.de\/wp-content\/uploads\/2023\/01\/DSC_0005-300x201.jpg\" alt=\"Ihre Gastgeber\" \/><\/figure><\/a><\/div><div class=\"swiper-slide\"><a data-elementor-open-lightbox=\"yes\" data-elementor-lightbox-slideshow=\"9e2a43b\" data-elementor-lightbox-title=\"Blick von der Dachterasse\" e-action-hash=\"#elementor-action%3Aaction%3Dlightbox%26settings%3DeyJpZCI6MjM3LCJ1cmwiOiJodHRwOlwvXC9oYXVzLWdpZXMuZGVcL3dwLWNvbnRlbnRcL3VwbG9hZHNcLzIwMjNcLzAxXC8zMDAwLUJMSUNLLURBQ0hURVJSQVNTRS1zY2FsZWQuanBnIiwic2xpZGVzaG93IjoiOWUyYTQzYiJ9\" href=\"http:\/\/haus-gies.de\/wp-content\/uploads\/2023\/01\/3000-BLICK-DACHTERRASSE-scaled.jpg\"><figure class=\"swiper-slide-inner\"><img decoding=\"async\" class=\"swiper-slide-image\" src=\"http:\/\/haus-gies.de\/wp-content\/uploads\/2023\/01\/3000-BLICK-DACHTERRASSE-300x201.jpg\" alt=\"Blick von der Loggia\" \/><\/figure><\/a><\/div><div class=\"swiper-slide\"><a data-elementor-open-lightbox=\"yes\" data-elementor-lightbox-slideshow=\"9e2a43b\" data-elementor-lightbox-title=\"Rosen am Eingang\" e-action-hash=\"#elementor-action%3Aaction%3Dlightbox%26settings%3DeyJpZCI6MjM4LCJ1cmwiOiJodHRwOlwvXC9oYXVzLWdpZXMuZGVcL3dwLWNvbnRlbnRcL3VwbG9hZHNcLzIwMjNcLzAxXC9EU0NfMDI2NS1zY2FsZWQuanBnIiwic2xpZGVzaG93IjoiOWUyYTQzYiJ9\" href=\"http:\/\/haus-gies.de\/wp-content\/uploads\/2023\/01\/DSC_0265-scaled.jpg\"><figure class=\"swiper-slide-inner\"><img decoding=\"async\" class=\"swiper-slide-image\" src=\"http:\/\/haus-gies.de\/wp-content\/uploads\/2023\/01\/DSC_0265-300x201.jpg\" alt=\"Garten\" \/><\/figure><\/a><\/div><div class=\"swiper-slide\"><a data-elementor-open-lightbox=\"yes\" data-elementor-lightbox-slideshow=\"9e2a43b\" data-elementor-lightbox-title=\"Rosen im Garten\" e-action-hash=\"#elementor-action%3Aaction%3Dlightbox%26settings%3DeyJpZCI6MjM5LCJ1cmwiOiJodHRwOlwvXC9oYXVzLWdpZXMuZGVcL3dwLWNvbnRlbnRcL3VwbG9hZHNcLzIwMjNcLzAxXC9JTUdBMDMyNi5qcGciLCJzbGlkZXNob3ciOiI5ZTJhNDNiIn0%3D\" href=\"http:\/\/haus-gies.de\/wp-content\/uploads\/2023\/01\/IMGA0326.jpg\"><figure class=\"swiper-slide-inner\"><img decoding=\"async\" class=\"swiper-slide-image\" src=\"http:\/\/haus-gies.de\/wp-content\/uploads\/2023\/01\/IMGA0326-300x220.jpg\" alt=\"Garten\" \/><\/figure><\/a><\/div>\t\t\t<\/div>\n\t\t\t\t\t\t\t\t\t\t\t\t<div class=\"swiper-pagination\"><\/div>\n\t\t\t\t\t\t\t\t\t\t\t\t\t<div class=\"elementor-swiper-button elementor-swiper-button-prev\">\n\t\t\t\t\t\t<i aria-hidden=\"true\" class=\"eicon-chevron-left\"><\/i>\t\t\t\t\t\t<span class=\"elementor-screen-only\">Zur\u00fcck<\/span>\n\t\t\t\t\t<\/div>\n\t\t\t\t\t<div class=\"elementor-swiper-button elementor-swiper-button-next\">\n\t\t\t\t\t\t<i aria-hidden=\"true\" class=\"eicon-chevron-right\"><\/i>\t\t\t\t\t\t<span class=\"elementor-screen-only\">Weiter<\/span>\n\t\t\t\t\t<\/div>\n\t\t\t\t\t\t\t\t\t<\/div>\n\t\t\t\t<\/div>\n\t\t\t\t<\/div>\n\t\t\t\t<div class=\"elementor-element elementor-element-6ddaa4a elementor-widget elementor-widget-text-editor\" data-id=\"6ddaa4a\" data-element_type=\"widget\" data-widget_type=\"text-editor.default\">\n\t\t\t\t<div class=\"elementor-widget-container\">\n\t\t\t<style>\/*! elementor - v3.10.1 - 17-01-2023 *\/\n.elementor-widget-text-editor.elementor-drop-cap-view-stacked .elementor-drop-cap{background-color:#818a91;color:#fff}.elementor-widget-text-editor.elementor-drop-cap-view-framed .elementor-drop-cap{color:#818a91;border:3px solid;background-color:transparent}.elementor-widget-text-editor:not(.elementor-drop-cap-view-default) .elementor-drop-cap{margin-top:8px}.elementor-widget-text-editor:not(.elementor-drop-cap-view-default) .elementor-drop-cap-letter{width:1em;height:1em}.elementor-widget-text-editor .elementor-drop-cap{float:left;text-align:center;line-height:1;font-size:50px}.elementor-widget-text-editor .elementor-drop-cap-letter{display:inline-block}<\/style>\t\t\t\t\t\t\t\t\t\t<\/div>\n\t\t\t\t<\/div>\n\t\t\t\t\t<\/div>\n\t\t<\/div>\n\t\t\t\t\t\t\t<\/div>\n\t\t<\/section>\n\t\t\t\t\t\t\t<\/div>\n\t\t","protected":false},"excerpt":{"rendered":"<p>Zur\u00fcck Weiter<\/p>\n","protected":false},"author":1,"featured_media":0,"parent":0,"menu_order":0,"comment_status":"closed","ping_status":"closed","template":"","meta":{"footnotes":""},"class_list":["post-136","page","type-page","status-publish","hentry"],"acf":[],"_links":{"self":[{"href":"http:\/\/haus-gies.de\/index.php\/wp-json\/wp\/v2\/pages\/136","targetHints":{"allow":["GET"]}}],"collection":[{"href":"http:\/\/haus-gies.de\/index.php\/wp-json\/wp\/v2\/pages"}],"about":[{"href":"http:\/\/haus-gies.de\/index.php\/wp-json\/wp\/v2\/types\/page"}],"author":[{"embeddable":true,"href":"http:\/\/haus-gies.de\/index.php\/wp-json\/wp\/v2\/users\/1"}],"replies":[{"embeddable":true,"href":"http:\/\/haus-gies.de\/index.php\/wp-json\/wp\/v2\/comments?post=136"}],"version-history":[{"count":38,"href":"http:\/\/haus-gies.de\/index.php\/wp-json\/wp\/v2\/pages\/136\/revisions"}],"predecessor-version":[{"id":301,"href":"http:\/\/haus-gies.de\/index.php\/wp-json\/wp\/v2\/pages\/136\/revisions\/301"}],"wp:attachment":[{"href":"http:\/\/haus-gies.de\/index.php\/wp-json\/wp\/v2\/media?parent=136"}],"curies":[{"name":"wp","href":"https:\/\/api.w.org\/{rel}","templated":true}]}}